{"id":9923,"date":"2013-07-22T15:26:06","date_gmt":"2013-07-22T19:26:06","guid":{"rendered":"https:\/\/adaptech.org\/fr\/publications\/fichten-c-s-tibbs-a-martiniello-n-2010-juin-multiple-perspectives-on-post-secondary-education-for-students-with-disabilities-in-canada-presentation-a-la-conference-annuelle-d\/"},"modified":"2019-12-20T15:39:32","modified_gmt":"2019-12-20T20:39:32","slug":"fichten-c-s-tibbs-a-martiniello-n-2010-juin-multiple-perspectives-on-post-secondary-education-for-students-with-disabilities-in-canada-presentation-a-la-conference-annuelle-d","status":"publish","type":"publications","link":"https:\/\/adaptech.org\/fr\/publications\/fichten-c-s-tibbs-a-martiniello-n-2010-juin-multiple-perspectives-on-post-secondary-education-for-students-with-disabilities-in-canada-presentation-a-la-conference-annuelle-d\/","title":{"rendered":"Multiple perspectives on post-secondary education for students with disabilities in Canada."},"content":{"rendered":"<p>Fichten, C. S., Tibbs, A. et Martiniello, N. (2010, juin). Multiple perspectives on post-secondary education for students with disabilities in Canada. Pr\u00e9sentation \u00e0 la conf\u00e9rence annuelle de l&#8217;Association Canadienne des \u00c9tudes sur l&#8217;Incapacit\u00e9 (ACEI), Montr\u00e9al, Qu\u00e9bec.<\/p>\n","protected":false},"excerpt":{"rendered":"<p>Fichten, C. S., Tibbs, A. et Martiniello, N. (2010, juin). Multiple perspectives on post-secondary education for students with disabilities in Canada. Pr\u00e9sentation \u00e0 la conf\u00e9rence annuelle de l&#8217;Association Canadienne des \u00c9tudes sur l&#8217;Incapacit\u00e9 (ACEI), Montr\u00e9al, Qu\u00e9bec.<\/p>\n","protected":false},"author":1,"featured_media":0,"template":"","publication-author":[24,8,27],"publication-category":[203],"publication-year":[244],"class_list":["post-9923","publications","type-publications","status-publish","hentry","publication-author-a-tibbs","publication-author-c-s-fichten","publication-author-n-martiniello","publication-category-refereed-conference-presentations","publication-year-244"],"_links":{"self":[{"href":"https:\/\/adaptech.org\/fr\/wp-json\/wp\/v2\/our_publications\/9923","targetHints":{"allow":["GET"]}}],"collection":[{"href":"https:\/\/adaptech.org\/fr\/wp-json\/wp\/v2\/our_publications"}],"about":[{"href":"https:\/\/adaptech.org\/fr\/wp-json\/wp\/v2\/types\/publications"}],"author":[{"embeddable":true,"href":"https:\/\/adaptech.org\/fr\/wp-json\/wp\/v2\/users\/1"}],"wp:attachment":[{"href":"https:\/\/adaptech.org\/fr\/wp-json\/wp\/v2\/media?parent=9923"}],"wp:term":[{"taxonomy":"publication-author","embeddable":true,"href":"https:\/\/adaptech.org\/fr\/wp-json\/wp\/v2\/publication-author?post=9923"},{"taxonomy":"publication-category","embeddable":true,"href":"https:\/\/adaptech.org\/fr\/wp-json\/wp\/v2\/publication-category?post=9923"},{"taxonomy":"publication-year","embeddable":true,"href":"https:\/\/adaptech.org\/fr\/wp-json\/wp\/v2\/publication-year?post=9923"}],"curies":[{"name":"wp","href":"https:\/\/api.w.org\/{rel}","templated":true}]}}

<p>Fichten, C. S., Tibbs, A. et Martiniello, N. (2010, juin). Multiple perspectives on post-secondary education for students with disabilities in Canada. Présentation à la conférence annuelle de l&#8217;Association Canadienne des Études sur l&#8217;Incapacité (ACEI), Montréal, Québec.</p>
