{"id":13976,"date":"2023-04-14T11:01:59","date_gmt":"2023-04-14T15:01:59","guid":{"rendered":"http:\/\/adaptech.org\/fr\/?post_type=publications&#038;p=13976"},"modified":"2023-04-14T11:08:29","modified_gmt":"2023-04-14T15:08:29","slug":"chronotype-and-sleep-quality-during-remote-and-in-person-activities-in-an-academic-context-presentation-daffiches","status":"publish","type":"publications","link":"https:\/\/adaptech.org\/fr\/publications\/chronotype-and-sleep-quality-during-remote-and-in-person-activities-in-an-academic-context-presentation-daffiches\/","title":{"rendered":"Chronotype and sleep quality during remote and in-person activities in an academic context\u00a0[Pr\u00e9sentation d\u2019affiches]"},"content":{"rendered":"<p>Costin, G., Jorgensen, M., Wileman, S., Havel, A., Wing, S., Creti, L., Bailes, S., Libman, E., Vasseur, A.,\u00a0Ereshchenko, D., Vo, C. et Fichten, C. (2023, 13 avril).<em>\u00a0Chronotype and sleep quality during remote and in-person activities in an academic context<\/em>\u00a0[Pr\u00e9sentation d\u2019affiches]. Journ\u00e9e des affiches des \u00e9tudiants de premier cycle de l&#8217;Universit\u00e9 McGill au d\u00e9partement de psychologie,\u00a0Montr\u00e9al, QC, Canada.<\/p>\n","protected":false},"excerpt":{"rendered":"<p>Costin, G., Jorgensen, M., Wileman, S., Havel, A., Wing, S., Creti, L., Bailes, S., Libman, E., Vasseur, A.,\u00a0Ereshchenko, D., Vo, C. et Fichten, C. (2023, 13 avril).\u00a0Chronotype and sleep quality during remote and in-person activities in an academic context\u00a0[Pr\u00e9sentation d\u2019affiches]. Journ\u00e9e des affiches des \u00e9tudiants de premier cycle de l&#8217;Universit\u00e9 McGill au d\u00e9partement de psychologie,\u00a0Montr\u00e9al, [&hellip;]<\/p>\n","protected":false},"author":6,"featured_media":0,"template":"","publication-author":[14,525,77,155,541,38,537,144,54,62,127,536],"publication-category":[204],"publication-year":[539],"class_list":["post-13976","publications","type-publications","status-publish","hentry","publication-author-a-havel","publication-author-a-vasseur","publication-author-c-fichten","publication-author-c-vo","publication-author-d-ereshchenko","publication-author-e-libman","publication-author-g-costin","publication-author-l-creti","publication-author-m-jorgensen","publication-author-s-bailes","publication-author-s-wileman","publication-author-s-wing","publication-category-talks-interviews-presentations-and-invited-addresses","publication-year-539"],"_links":{"self":[{"href":"https:\/\/adaptech.org\/fr\/wp-json\/wp\/v2\/our_publications\/13976","targetHints":{"allow":["GET"]}}],"collection":[{"href":"https:\/\/adaptech.org\/fr\/wp-json\/wp\/v2\/our_publications"}],"about":[{"href":"https:\/\/adaptech.org\/fr\/wp-json\/wp\/v2\/types\/publications"}],"author":[{"embeddable":true,"href":"https:\/\/adaptech.org\/fr\/wp-json\/wp\/v2\/users\/6"}],"wp:attachment":[{"href":"https:\/\/adaptech.org\/fr\/wp-json\/wp\/v2\/media?parent=13976"}],"wp:term":[{"taxonomy":"publication-author","embeddable":true,"href":"https:\/\/adaptech.org\/fr\/wp-json\/wp\/v2\/publication-author?post=13976"},{"taxonomy":"publication-category","embeddable":true,"href":"https:\/\/adaptech.org\/fr\/wp-json\/wp\/v2\/publication-category?post=13976"},{"taxonomy":"publication-year","embeddable":true,"href":"https:\/\/adaptech.org\/fr\/wp-json\/wp\/v2\/publication-year?post=13976"}],"curies":[{"name":"wp","href":"https:\/\/api.w.org\/{rel}","templated":true}]}}

Chronotype and sleep quality during remote and in-person activities in an academic context [Présentation d’affiches]

<p>Costin, G., Jorgensen, M., Wileman, S., Havel, A., Wing, S., Creti, L., Bailes, S., Libman, E., Vasseur, A., Ereshchenko, D., Vo, C. et Fichten, C. (2023, 13 avril).<em> Chronotype and sleep quality during remote and in-person activities in an academic context</em> [Présentation d’affiches]. Journée des affiches des étudiants de premier cycle de l&#8217;Université McGill au département de psychologie, Montréal, QC, Canada.</p>

<p>Costin, G., Jorgensen, M., Wileman, S., Havel, A., Wing, S., Creti, L., Bailes, S., Libman, E., Vasseur, A., Ereshchenko, D., Vo, C. et Fichten, C. (2023, 13 avril). Chronotype and sleep quality during remote and in-person activities in an academic context [Présentation d’affiches]. Journée des affiches des étudiants de premier cycle de l&#8217;Université McGill au département de psychologie, Montréal, [&hellip;]</p>
