{"id":13964,"date":"2023-02-20T23:32:27","date_gmt":"2023-02-21T04:32:27","guid":{"rendered":"http:\/\/adaptech.org\/fr\/?post_type=publications&#038;p=13964"},"modified":"2023-02-20T23:32:27","modified_gmt":"2023-02-21T04:32:27","slug":"sleep-insomnia-ghoulies-and-ghosties-and-things-that-go-bump-in-the-night-oratrice-invitee","status":"publish","type":"publications","link":"https:\/\/adaptech.org\/fr\/publications\/sleep-insomnia-ghoulies-and-ghosties-and-things-that-go-bump-in-the-night-oratrice-invitee\/","title":{"rendered":"Sleep, insomnia, ghoulies and ghosties, and things that go bump in the night [oratrice invit\u00e9e]"},"content":{"rendered":"<p>Fichten, C. (2023, 8 f\u00e9vrier). <i>Sleep, insomnia, <\/i><i>ghoulies<\/i><i> and <\/i><i>ghosties<\/i><i>, and things that go bump in the night <\/i>[oratrice invit\u00e9e]. Dawson College Social Science Week, Montr\u00e9al, QC, Canada.<\/p>\n","protected":false},"excerpt":{"rendered":"<p>Fichten, C. (2023, 8 f\u00e9vrier). Sleep, insomnia, ghoulies and ghosties, and things that go bump in the night [oratrice invit\u00e9e]. Dawson College Social Science Week, Montr\u00e9al, QC, Canada.<\/p>\n","protected":false},"author":6,"featured_media":0,"template":"","publication-author":[77],"publication-category":[204],"publication-year":[539],"class_list":["post-13964","publications","type-publications","status-publish","hentry","publication-author-c-fichten","publication-category-talks-interviews-presentations-and-invited-addresses","publication-year-539"],"_links":{"self":[{"href":"https:\/\/adaptech.org\/fr\/wp-json\/wp\/v2\/our_publications\/13964","targetHints":{"allow":["GET"]}}],"collection":[{"href":"https:\/\/adaptech.org\/fr\/wp-json\/wp\/v2\/our_publications"}],"about":[{"href":"https:\/\/adaptech.org\/fr\/wp-json\/wp\/v2\/types\/publications"}],"author":[{"embeddable":true,"href":"https:\/\/adaptech.org\/fr\/wp-json\/wp\/v2\/users\/6"}],"wp:attachment":[{"href":"https:\/\/adaptech.org\/fr\/wp-json\/wp\/v2\/media?parent=13964"}],"wp:term":[{"taxonomy":"publication-author","embeddable":true,"href":"https:\/\/adaptech.org\/fr\/wp-json\/wp\/v2\/publication-author?post=13964"},{"taxonomy":"publication-category","embeddable":true,"href":"https:\/\/adaptech.org\/fr\/wp-json\/wp\/v2\/publication-category?post=13964"},{"taxonomy":"publication-year","embeddable":true,"href":"https:\/\/adaptech.org\/fr\/wp-json\/wp\/v2\/publication-year?post=13964"}],"curies":[{"name":"wp","href":"https:\/\/api.w.org\/{rel}","templated":true}]}}

Sleep, insomnia, ghoulies and ghosties, and things that go bump in the night [oratrice invitée]

<p>Fichten, C. (2023, 8 février). <i>Sleep, insomnia, </i><i>ghoulies</i><i> and </i><i>ghosties</i><i>, and things that go bump in the night </i>[oratrice invitée]. Dawson College Social Science Week, Montréal, QC, Canada.</p>

<p>Fichten, C. (2023, 8 février). Sleep, insomnia, ghoulies and ghosties, and things that go bump in the night [oratrice invitée]. Dawson College Social Science Week, Montréal, QC, Canada.</p>
