{"id":13783,"date":"2021-11-18T19:37:22","date_gmt":"2021-11-19T00:37:22","guid":{"rendered":"http:\/\/adaptech.org\/fr\/?post_type=publications&#038;p=13783"},"modified":"2021-11-18T20:19:22","modified_gmt":"2021-11-19T01:19:22","slug":"how-has-covid-19-affected-mobile-tech-use-by-students-with-disabilities-presentation-de-conference","status":"publish","type":"publications","link":"https:\/\/adaptech.org\/fr\/publications\/how-has-covid-19-affected-mobile-tech-use-by-students-with-disabilities-presentation-de-conference\/","title":{"rendered":"How has Covid-19 affected mobile tech use by students with disabilities [Pr\u00e9sentation de conf\u00e9rence]?"},"content":{"rendered":"<p>Jorgensen, M., Wileman, S., Fichten, C. et Havel, A. (2021, 15-19 novembre). <i>How has Covid-19 affected mobile tech use by students with disabilities<\/i> [Pr\u00e9sentation de conf\u00e9rence]? 24th Annual Accessing Higher Ground: Accessible Media, Web and Technology Conference, Denver, CO, \u00c9tats-Unis.<\/p>\n","protected":false},"excerpt":{"rendered":"<p>Jorgensen, M., Wileman, S., Fichten, C. et Havel, A. (2021, 15-19 novembre). How has Covid-19 affected mobile tech use by students with disabilities [Pr\u00e9sentation de conf\u00e9rence]? 24th Annual Accessing Higher Ground: Accessible Media, Web and Technology Conference, Denver, CO, \u00c9tats-Unis.<\/p>\n","protected":false},"author":6,"featured_media":0,"template":"","publication-author":[14,77,54,127],"publication-category":[203],"publication-year":[513],"class_list":["post-13783","publications","type-publications","status-publish","hentry","publication-author-a-havel","publication-author-c-fichten","publication-author-m-jorgensen","publication-author-s-wileman","publication-category-refereed-conference-presentations","publication-year-513"],"_links":{"self":[{"href":"https:\/\/adaptech.org\/fr\/wp-json\/wp\/v2\/our_publications\/13783","targetHints":{"allow":["GET"]}}],"collection":[{"href":"https:\/\/adaptech.org\/fr\/wp-json\/wp\/v2\/our_publications"}],"about":[{"href":"https:\/\/adaptech.org\/fr\/wp-json\/wp\/v2\/types\/publications"}],"author":[{"embeddable":true,"href":"https:\/\/adaptech.org\/fr\/wp-json\/wp\/v2\/users\/6"}],"wp:attachment":[{"href":"https:\/\/adaptech.org\/fr\/wp-json\/wp\/v2\/media?parent=13783"}],"wp:term":[{"taxonomy":"publication-author","embeddable":true,"href":"https:\/\/adaptech.org\/fr\/wp-json\/wp\/v2\/publication-author?post=13783"},{"taxonomy":"publication-category","embeddable":true,"href":"https:\/\/adaptech.org\/fr\/wp-json\/wp\/v2\/publication-category?post=13783"},{"taxonomy":"publication-year","embeddable":true,"href":"https:\/\/adaptech.org\/fr\/wp-json\/wp\/v2\/publication-year?post=13783"}],"curies":[{"name":"wp","href":"https:\/\/api.w.org\/{rel}","templated":true}]}}

How has Covid-19 affected mobile tech use by students with disabilities [Présentation de conférence]?

<p>Jorgensen, M., Wileman, S., Fichten, C. et Havel, A. (2021, 15-19 novembre). <i>How has Covid-19 affected mobile tech use by students with disabilities</i> [Présentation de conférence]? 24th Annual Accessing Higher Ground: Accessible Media, Web and Technology Conference, Denver, CO, États-Unis.</p>

<p>Jorgensen, M., Wileman, S., Fichten, C. et Havel, A. (2021, 15-19 novembre). How has Covid-19 affected mobile tech use by students with disabilities [Présentation de conférence]? 24th Annual Accessing Higher Ground: Accessible Media, Web and Technology Conference, Denver, CO, États-Unis.</p>
