{"id":13727,"date":"2021-05-17T12:02:13","date_gmt":"2021-05-17T16:02:13","guid":{"rendered":"http:\/\/adaptech.org\/fr\/?post_type=publications&#038;p=13727"},"modified":"2021-05-17T12:02:13","modified_gmt":"2021-05-17T16:02:13","slug":"pour-une-meilleure-contribution-de-la-recherche-collegiale-aux-defis-economiques-et-sociaux-de-demain","status":"publish","type":"publications","link":"https:\/\/adaptech.org\/fr\/publications\/pour-une-meilleure-contribution-de-la-recherche-collegiale-aux-defis-economiques-et-sociaux-de-demain\/","title":{"rendered":"Pour une meilleure contribution de la recherche coll\u00e9giale aux d\u00e9fis \u00e9conomiques et sociaux de demain"},"content":{"rendered":"<p>Gulian, T., Blackburn, M.-E. et Fichten, C. (2021). Pour une meilleure contribution de la recherche coll\u00e9giale aux d\u00e9fis \u00e9conomiques et sociaux de demain. Minist\u00e8re de l\u2019\u00c9conomie et de l\u2019Innovation.<\/p>\n","protected":false},"excerpt":{"rendered":"<p>Gulian, T., Blackburn, M.-E. et Fichten, C. (2021). Pour une meilleure contribution de la recherche coll\u00e9giale aux d\u00e9fis \u00e9conomiques et sociaux de demain. Minist\u00e8re de l\u2019\u00c9conomie et de l\u2019Innovation.<\/p>\n","protected":false},"author":6,"featured_media":0,"template":"","publication-author":[77,519,518],"publication-category":[197],"publication-year":[513],"class_list":["post-13727","publications","type-publications","status-publish","hentry","publication-author-c-fichten","publication-author-m-e-blackburn","publication-author-t-gulian","publication-category-popular-press-articles-magazines-newsletters-reports-web-sites-webinars-social-media","publication-year-513"],"_links":{"self":[{"href":"https:\/\/adaptech.org\/fr\/wp-json\/wp\/v2\/our_publications\/13727","targetHints":{"allow":["GET"]}}],"collection":[{"href":"https:\/\/adaptech.org\/fr\/wp-json\/wp\/v2\/our_publications"}],"about":[{"href":"https:\/\/adaptech.org\/fr\/wp-json\/wp\/v2\/types\/publications"}],"author":[{"embeddable":true,"href":"https:\/\/adaptech.org\/fr\/wp-json\/wp\/v2\/users\/6"}],"wp:attachment":[{"href":"https:\/\/adaptech.org\/fr\/wp-json\/wp\/v2\/media?parent=13727"}],"wp:term":[{"taxonomy":"publication-author","embeddable":true,"href":"https:\/\/adaptech.org\/fr\/wp-json\/wp\/v2\/publication-author?post=13727"},{"taxonomy":"publication-category","embeddable":true,"href":"https:\/\/adaptech.org\/fr\/wp-json\/wp\/v2\/publication-category?post=13727"},{"taxonomy":"publication-year","embeddable":true,"href":"https:\/\/adaptech.org\/fr\/wp-json\/wp\/v2\/publication-year?post=13727"}],"curies":[{"name":"wp","href":"https:\/\/api.w.org\/{rel}","templated":true}]}}

Pour une meilleure contribution de la recherche collégiale aux défis économiques et sociaux de demain

<p>Gulian, T., Blackburn, M.-E. et Fichten, C. (2021). Pour une meilleure contribution de la recherche collégiale aux défis économiques et sociaux de demain. Ministère de l’Économie et de l’Innovation.</p>
