{"id":11774,"date":"2017-07-07T13:13:06","date_gmt":"2017-07-07T17:13:06","guid":{"rendered":"https:\/\/adaptech.org\/fr\/publications\/etudiants-en-situation-de-handicap-et-inclusion-dans-les-colleges-du-quebec\/"},"modified":"2020-12-14T14:11:00","modified_gmt":"2020-12-14T19:11:00","slug":"etudiants-en-situation-de-handicap-et-inclusion-dans-les-colleges-du-quebec","status":"publish","type":"publications","link":"https:\/\/adaptech.org\/fr\/publications\/etudiants-en-situation-de-handicap-et-inclusion-dans-les-colleges-du-quebec\/","title":{"rendered":"\u00c9tudiants en situation de handicap et inclusion dans les coll\u00e8ges du Qu\u00e9bec"},"content":{"rendered":"<p>Raymond, O., Havel, A. et Dagenais, A. (2017, juin). \u00c9tudiants en situation de handicap et inclusion dans les coll\u00e8ges du Qu\u00e9bec. Bulletin de la Documentation Coll\u00e9giale, 18. https:\/\/eduq.info\/xmlui\/bitstream\/handle\/11515\/34823\/Bulletin-cdc-18-FR-juin-2017.pdf<\/p>\n","protected":false},"excerpt":{"rendered":"<p>Raymond, O., Havel, A. et Dagenais, A. (2017, juin). \u00c9tudiants en situation de handicap et inclusion dans les coll\u00e8ges du Qu\u00e9bec. Bulletin de la Documentation Coll\u00e9giale, 18. https:\/\/eduq.info\/xmlui\/bitstream\/handle\/11515\/34823\/Bulletin-cdc-18-FR-juin-2017.pdf<\/p>\n","protected":false},"author":1,"featured_media":0,"template":"","publication-author":[135,14,20],"publication-category":[197],"publication-year":[250],"class_list":["post-11774","publications","type-publications","status-publish","hentry","publication-author-a-dagenais","publication-author-a-havel","publication-author-o-raymond","publication-category-popular-press-articles-magazines-newsletters-reports-web-sites-webinars-social-media","publication-year-250"],"_links":{"self":[{"href":"https:\/\/adaptech.org\/fr\/wp-json\/wp\/v2\/our_publications\/11774","targetHints":{"allow":["GET"]}}],"collection":[{"href":"https:\/\/adaptech.org\/fr\/wp-json\/wp\/v2\/our_publications"}],"about":[{"href":"https:\/\/adaptech.org\/fr\/wp-json\/wp\/v2\/types\/publications"}],"author":[{"embeddable":true,"href":"https:\/\/adaptech.org\/fr\/wp-json\/wp\/v2\/users\/1"}],"wp:attachment":[{"href":"https:\/\/adaptech.org\/fr\/wp-json\/wp\/v2\/media?parent=11774"}],"wp:term":[{"taxonomy":"publication-author","embeddable":true,"href":"https:\/\/adaptech.org\/fr\/wp-json\/wp\/v2\/publication-author?post=11774"},{"taxonomy":"publication-category","embeddable":true,"href":"https:\/\/adaptech.org\/fr\/wp-json\/wp\/v2\/publication-category?post=11774"},{"taxonomy":"publication-year","embeddable":true,"href":"https:\/\/adaptech.org\/fr\/wp-json\/wp\/v2\/publication-year?post=11774"}],"curies":[{"name":"wp","href":"https:\/\/api.w.org\/{rel}","templated":true}]}}

Étudiants en situation de handicap et inclusion dans les collèges du Québec

<p>Raymond, O., Havel, A. et Dagenais, A. (2017, juin). Étudiants en situation de handicap et inclusion dans les collèges du Québec. Bulletin de la Documentation Collégiale, 18. https://eduq.info/xmlui/bitstream/handle/11515/34823/Bulletin-cdc-18-FR-juin-2017.pdf</p>
