{"id":11761,"date":"2017-04-07T16:03:05","date_gmt":"2017-04-07T20:03:05","guid":{"rendered":"https:\/\/adaptech.org\/fr\/publications\/laura-king-has-been-named-the-coordinator-of-the-second-ed-ict-international-network-symposium\/"},"modified":"2019-05-27T14:05:21","modified_gmt":"2019-05-27T18:05:21","slug":"laura-king-has-been-named-the-coordinator-of-the-second-ed-ict-international-network-symposium","status":"publish","type":"publications","link":"https:\/\/adaptech.org\/fr\/publications\/laura-king-has-been-named-the-coordinator-of-the-second-ed-ict-international-network-symposium\/","title":{"rendered":"Laura King a \u00e9t\u00e9 nomm\u00e9e la coordinatrice du 2e Ed-ICT International Network Symposium"},"content":{"rendered":"<p>King, L. (2017). Coordinatrice du 2e Ed-ICT International Network Symposium, Montr\u00e9al, Qu\u00e9bec.<\/p>\n","protected":false},"excerpt":{"rendered":"<p>King, L. (2017). Coordinatrice du 2e Ed-ICT International Network Symposium, Montr\u00e9al, Qu\u00e9bec.<\/p>\n","protected":false},"author":1,"featured_media":0,"template":"","publication-author":[18],"publication-category":[198],"publication-year":[250],"class_list":["post-11761","publications","type-publications","status-publish","hentry","publication-author-l-king","publication-category-appointments-recognition","publication-year-250"],"_links":{"self":[{"href":"https:\/\/adaptech.org\/fr\/wp-json\/wp\/v2\/our_publications\/11761","targetHints":{"allow":["GET"]}}],"collection":[{"href":"https:\/\/adaptech.org\/fr\/wp-json\/wp\/v2\/our_publications"}],"about":[{"href":"https:\/\/adaptech.org\/fr\/wp-json\/wp\/v2\/types\/publications"}],"author":[{"embeddable":true,"href":"https:\/\/adaptech.org\/fr\/wp-json\/wp\/v2\/users\/1"}],"wp:attachment":[{"href":"https:\/\/adaptech.org\/fr\/wp-json\/wp\/v2\/media?parent=11761"}],"wp:term":[{"taxonomy":"publication-author","embeddable":true,"href":"https:\/\/adaptech.org\/fr\/wp-json\/wp\/v2\/publication-author?post=11761"},{"taxonomy":"publication-category","embeddable":true,"href":"https:\/\/adaptech.org\/fr\/wp-json\/wp\/v2\/publication-category?post=11761"},{"taxonomy":"publication-year","embeddable":true,"href":"https:\/\/adaptech.org\/fr\/wp-json\/wp\/v2\/publication-year?post=11761"}],"curies":[{"name":"wp","href":"https:\/\/api.w.org\/{rel}","templated":true}]}}

Laura King a été nommée la coordinatrice du 2e Ed-ICT International Network Symposium

<p>King, L. (2017). Coordinatrice du 2e Ed-ICT International Network Symposium, Montréal, Québec.</p>
