{"id":11744,"date":"2016-10-31T11:25:32","date_gmt":"2016-10-31T15:25:32","guid":{"rendered":"https:\/\/adaptech.org\/fr\/publications\/shopping-malls-as-an-environment-for-rehabilitation-evaluations-and-interventions-for-persons-with-a-disability\/"},"modified":"2016-10-31T11:25:32","modified_gmt":"2016-10-31T15:25:32","slug":"shopping-malls-as-an-environment-for-rehabilitation-evaluations-and-interventions-for-persons-with-a-disability","status":"publish","type":"publications","link":"https:\/\/adaptech.org\/fr\/publications\/shopping-malls-as-an-environment-for-rehabilitation-evaluations-and-interventions-for-persons-with-a-disability\/","title":{"rendered":"Shopping malls as an environment for rehabilitation: Evaluations and interventions for persons with a disability."},"content":{"rendered":"<p>Swaine, B., Labb\u00e9, D., Poldma, T., Fichten, C., Kehayia, E., Mckinley, P., Mazer, B., Havel, A. et Rochette, A. (2014, mai). Le centre commercial : un environnement pour l&#8217;\u00e9valuation et des interventions en r\u00e9adaptation pour les personnes handicap\u00e9es. Pr\u00e9sentation au 19e Congr\u00e8s Europ\u00e9en de M\u00e9decine Physique et de R\u00e9adaptation, Marseille, France.<\/p>\n","protected":false},"excerpt":{"rendered":"<p>Swaine, B., Labb\u00e9, D., Poldma, T., Fichten, C., Kehayia, E., Mckinley, P., Mazer, B., Havel, A. et Rochette, A. (2014, mai). Le centre commercial : un environnement pour l&#8217;\u00e9valuation et des interventions en r\u00e9adaptation pour les personnes handicap\u00e9es. Pr\u00e9sentation au 19e Congr\u00e8s Europ\u00e9en de M\u00e9decine Physique et de R\u00e9adaptation, Marseille, France.<\/p>\n","protected":false},"author":1,"featured_media":0,"template":"","publication-author":[14,117,118,119,77,120,121,122,123],"publication-category":[203],"publication-year":[247],"class_list":["post-11744","publications","type-publications","status-publish","hentry","publication-author-a-havel","publication-author-a-rochette","publication-author-b-mazer","publication-author-b-swaine","publication-author-c-fichten","publication-author-d-labbe","publication-author-e-kehayia","publication-author-p-mckinley","publication-author-t-poldma","publication-category-refereed-conference-presentations","publication-year-247"],"_links":{"self":[{"href":"https:\/\/adaptech.org\/fr\/wp-json\/wp\/v2\/our_publications\/11744","targetHints":{"allow":["GET"]}}],"collection":[{"href":"https:\/\/adaptech.org\/fr\/wp-json\/wp\/v2\/our_publications"}],"about":[{"href":"https:\/\/adaptech.org\/fr\/wp-json\/wp\/v2\/types\/publications"}],"author":[{"embeddable":true,"href":"https:\/\/adaptech.org\/fr\/wp-json\/wp\/v2\/users\/1"}],"wp:attachment":[{"href":"https:\/\/adaptech.org\/fr\/wp-json\/wp\/v2\/media?parent=11744"}],"wp:term":[{"taxonomy":"publication-author","embeddable":true,"href":"https:\/\/adaptech.org\/fr\/wp-json\/wp\/v2\/publication-author?post=11744"},{"taxonomy":"publication-category","embeddable":true,"href":"https:\/\/adaptech.org\/fr\/wp-json\/wp\/v2\/publication-category?post=11744"},{"taxonomy":"publication-year","embeddable":true,"href":"https:\/\/adaptech.org\/fr\/wp-json\/wp\/v2\/publication-year?post=11744"}],"curies":[{"name":"wp","href":"https:\/\/api.w.org\/{rel}","templated":true}]}}

<p>Swaine, B., Labbé, D., Poldma, T., Fichten, C., Kehayia, E., Mckinley, P., Mazer, B., Havel, A. et Rochette, A. (2014, mai). Le centre commercial : un environnement pour l&#8217;évaluation et des interventions en réadaptation pour les personnes handicapées. Présentation au 19e Congrès Européen de Médecine Physique et de Réadaptation, Marseille, France.</p>
