{"id":11723,"date":"2016-06-06T10:59:58","date_gmt":"2016-06-06T14:59:58","guid":{"rendered":"https:\/\/adaptech.org\/fr\/publications\/doing-ordinary-things-extraordinarily-well-faculty-perspectives-on-excellence-in-ict-and-e-learning-use-in-colleges\/"},"modified":"2020-12-09T19:22:15","modified_gmt":"2020-12-10T00:22:15","slug":"doing-ordinary-things-extraordinarily-well-faculty-perspectives-on-excellence-in-ict-and-e-learning-use-in-colleges","status":"publish","type":"publications","link":"https:\/\/adaptech.org\/fr\/publications\/doing-ordinary-things-extraordinarily-well-faculty-perspectives-on-excellence-in-ict-and-e-learning-use-in-colleges\/","title":{"rendered":"Doing ordinary things extraordinarily well: Faculty perspectives on excellence in ICT and e-Learning use in colleges [pr\u00e9sentation de conf\u00e9rence]"},"content":{"rendered":"<p>Jorgensen, M. et Havel, A., en collaboration avec Fichten, C., King, L., Budd, J., Lussier, A., Vo, C., Vitouchanskaia, C., Asuncion, J., Nguyen, M. N., Chauvin, A., Marcil, E. et Schaffer, L. (2016, 3 juin). Doing ordinary things extraordinarily well: Faculty perspectives on excellence in ICT and e-Learning use in colleges [pr\u00e9sentation de conf\u00e9rence]. 5e conf\u00e9rence annuelle SALTISE, Montr\u00e9al, QC, Canada.<\/p>\n","protected":false},"excerpt":{"rendered":"<p>Jorgensen, M. et Havel, A., en collaboration avec Fichten, C., King, L., Budd, J., Lussier, A., Vo, C., Vitouchanskaia, C., Asuncion, J., Nguyen, M. N., Chauvin, A., Marcil, E. et Schaffer, L. (2016, 3 juin). Doing ordinary things extraordinarily well: Faculty perspectives on excellence in ICT and e-Learning use in colleges [pr\u00e9sentation de conf\u00e9rence]. 5e [&hellip;]<\/p>\n","protected":false},"author":1,"featured_media":0,"template":"","publication-author":[13,14,139,195,140,155,142,15,16,18,158,54,19],"publication-category":[203],"publication-year":[249],"class_list":["post-11723","publications","type-publications","status-publish","hentry","publication-author-a-chauvin","publication-author-a-havel","publication-author-a-lussier","publication-author-c-in-collaboration-with-fichten","publication-author-c-vitouchanskaia","publication-author-c-vo","publication-author-e-marcil","publication-author-j-asuncion","publication-author-j-budd","publication-author-l-king","publication-author-l-schaffer","publication-author-m-jorgensen","publication-author-m-n-nguyen","publication-category-refereed-conference-presentations","publication-year-249"],"_links":{"self":[{"href":"https:\/\/adaptech.org\/fr\/wp-json\/wp\/v2\/our_publications\/11723","targetHints":{"allow":["GET"]}}],"collection":[{"href":"https:\/\/adaptech.org\/fr\/wp-json\/wp\/v2\/our_publications"}],"about":[{"href":"https:\/\/adaptech.org\/fr\/wp-json\/wp\/v2\/types\/publications"}],"author":[{"embeddable":true,"href":"https:\/\/adaptech.org\/fr\/wp-json\/wp\/v2\/users\/1"}],"wp:attachment":[{"href":"https:\/\/adaptech.org\/fr\/wp-json\/wp\/v2\/media?parent=11723"}],"wp:term":[{"taxonomy":"publication-author","embeddable":true,"href":"https:\/\/adaptech.org\/fr\/wp-json\/wp\/v2\/publication-author?post=11723"},{"taxonomy":"publication-category","embeddable":true,"href":"https:\/\/adaptech.org\/fr\/wp-json\/wp\/v2\/publication-category?post=11723"},{"taxonomy":"publication-year","embeddable":true,"href":"https:\/\/adaptech.org\/fr\/wp-json\/wp\/v2\/publication-year?post=11723"}],"curies":[{"name":"wp","href":"https:\/\/api.w.org\/{rel}","templated":true}]}}

Doing ordinary things extraordinarily well: Faculty perspectives on excellence in ICT and e-Learning use in colleges [présentation de conférence]

<p>Jorgensen, M. et Havel, A., en collaboration avec Fichten, C., King, L., Budd, J., Lussier, A., Vo, C., Vitouchanskaia, C., Asuncion, J., Nguyen, M. N., Chauvin, A., Marcil, E. et Schaffer, L. (2016, 3 juin). Doing ordinary things extraordinarily well: Faculty perspectives on excellence in ICT and e-Learning use in colleges [présentation de conférence]. 5e conférence annuelle SALTISE, Montréal, QC, Canada.</p>

<p>Jorgensen, M. et Havel, A., en collaboration avec Fichten, C., King, L., Budd, J., Lussier, A., Vo, C., Vitouchanskaia, C., Asuncion, J., Nguyen, M. N., Chauvin, A., Marcil, E. et Schaffer, L. (2016, 3 juin). Doing ordinary things extraordinarily well: Faculty perspectives on excellence in ICT and e-Learning use in colleges [présentation de conférence]. 5e [&hellip;]</p>
