{"id":11680,"date":"2015-10-19T10:11:50","date_gmt":"2015-10-19T14:11:50","guid":{"rendered":"https:\/\/adaptech.org\/fr\/publications\/ambassadeur-daccessibilite-invite-et-moderateur-de-session-2015-iquerysf-conference\/"},"modified":"2015-10-19T10:11:50","modified_gmt":"2015-10-19T14:11:50","slug":"ambassadeur-daccessibilite-invite-et-moderateur-de-session-2015-iquerysf-conference","status":"publish","type":"publications","link":"https:\/\/adaptech.org\/fr\/publications\/ambassadeur-daccessibilite-invite-et-moderateur-de-session-2015-iquerysf-conference\/","title":{"rendered":"Ambassadeur d&#8217;accessibilit\u00e9 invit\u00e9 et mod\u00e9rateur de session. 2015 iQuerySF Conference"},"content":{"rendered":"<p>Asuncion, J. (2015, juin).  Ambassadeur d&#8217;accessibilit\u00e9 invit\u00e9 et mod\u00e9rateur de session. 2015 iQuerySF Conference. San Francisco, Californie<\/p>\n","protected":false},"excerpt":{"rendered":"<p>Asuncion, J. (2015, juin). Ambassadeur d&#8217;accessibilit\u00e9 invit\u00e9 et mod\u00e9rateur de session. 2015 iQuerySF Conference. San Francisco, Californie<\/p>\n","protected":false},"author":1,"featured_media":0,"template":"","publication-author":[15],"publication-category":[198],"publication-year":[248],"class_list":["post-11680","publications","type-publications","status-publish","hentry","publication-author-j-asuncion","publication-category-appointments-recognition","publication-year-248"],"_links":{"self":[{"href":"https:\/\/adaptech.org\/fr\/wp-json\/wp\/v2\/our_publications\/11680","targetHints":{"allow":["GET"]}}],"collection":[{"href":"https:\/\/adaptech.org\/fr\/wp-json\/wp\/v2\/our_publications"}],"about":[{"href":"https:\/\/adaptech.org\/fr\/wp-json\/wp\/v2\/types\/publications"}],"author":[{"embeddable":true,"href":"https:\/\/adaptech.org\/fr\/wp-json\/wp\/v2\/users\/1"}],"wp:attachment":[{"href":"https:\/\/adaptech.org\/fr\/wp-json\/wp\/v2\/media?parent=11680"}],"wp:term":[{"taxonomy":"publication-author","embeddable":true,"href":"https:\/\/adaptech.org\/fr\/wp-json\/wp\/v2\/publication-author?post=11680"},{"taxonomy":"publication-category","embeddable":true,"href":"https:\/\/adaptech.org\/fr\/wp-json\/wp\/v2\/publication-category?post=11680"},{"taxonomy":"publication-year","embeddable":true,"href":"https:\/\/adaptech.org\/fr\/wp-json\/wp\/v2\/publication-year?post=11680"}],"curies":[{"name":"wp","href":"https:\/\/api.w.org\/{rel}","templated":true}]}}

Ambassadeur d&#8217;accessibilité invité et modérateur de session. 2015 iQuerySF Conference

<p>Asuncion, J. (2015, juin).  Ambassadeur d&#8217;accessibilité invité et modérateur de session. 2015 iQuerySF Conference. San Francisco, Californie</p>

<p>Asuncion, J. (2015, juin). Ambassadeur d&#8217;accessibilité invité et modérateur de session. 2015 iQuerySF Conference. San Francisco, Californie</p>
