{"id":11608,"date":"2014-10-30T13:11:04","date_gmt":"2014-10-30T17:11:04","guid":{"rendered":"https:\/\/adaptech.org\/fr\/publications\/panel-member-in-s-piche-chair-la-recherche-collegiale-et-linternational\/"},"modified":"2014-10-30T13:11:04","modified_gmt":"2014-10-30T17:11:04","slug":"panel-member-in-s-piche-chair-la-recherche-collegiale-et-linternational","status":"publish","type":"publications","link":"https:\/\/adaptech.org\/fr\/publications\/panel-member-in-s-piche-chair-la-recherche-collegiale-et-linternational\/","title":{"rendered":"Panel member in S. Pich\u00e9 (Chair): La recherche coll\u00e9giale et l\u2019international"},"content":{"rendered":"<p>Fichten, C. (2014, octobre). La recherche coll\u00e9giale et l\u2019international. Pan\u00e9liste \u00e0 la table ronde de S. Pich\u00e9. 10e congr\u00e8s de la F\u00e9d\u00e9ration des c\u00e9geps, Montr\u00e9al, Qu\u00e9bec.<\/p>\n","protected":false},"excerpt":{"rendered":"<p>Fichten, C. (2014, octobre). La recherche coll\u00e9giale et l\u2019international. Pan\u00e9liste \u00e0 la table ronde de S. Pich\u00e9. 10e congr\u00e8s de la F\u00e9d\u00e9ration des c\u00e9geps, Montr\u00e9al, Qu\u00e9bec.<\/p>\n","protected":false},"author":1,"featured_media":0,"template":"","publication-author":[77],"publication-category":[204],"publication-year":[247],"class_list":["post-11608","publications","type-publications","status-publish","hentry","publication-author-c-fichten","publication-category-talks-interviews-presentations-and-invited-addresses","publication-year-247"],"_links":{"self":[{"href":"https:\/\/adaptech.org\/fr\/wp-json\/wp\/v2\/our_publications\/11608","targetHints":{"allow":["GET"]}}],"collection":[{"href":"https:\/\/adaptech.org\/fr\/wp-json\/wp\/v2\/our_publications"}],"about":[{"href":"https:\/\/adaptech.org\/fr\/wp-json\/wp\/v2\/types\/publications"}],"author":[{"embeddable":true,"href":"https:\/\/adaptech.org\/fr\/wp-json\/wp\/v2\/users\/1"}],"wp:attachment":[{"href":"https:\/\/adaptech.org\/fr\/wp-json\/wp\/v2\/media?parent=11608"}],"wp:term":[{"taxonomy":"publication-author","embeddable":true,"href":"https:\/\/adaptech.org\/fr\/wp-json\/wp\/v2\/publication-author?post=11608"},{"taxonomy":"publication-category","embeddable":true,"href":"https:\/\/adaptech.org\/fr\/wp-json\/wp\/v2\/publication-category?post=11608"},{"taxonomy":"publication-year","embeddable":true,"href":"https:\/\/adaptech.org\/fr\/wp-json\/wp\/v2\/publication-year?post=11608"}],"curies":[{"name":"wp","href":"https:\/\/api.w.org\/{rel}","templated":true}]}}

Panel member in S. Piché (Chair): La recherche collégiale et l’international

<p>Fichten, C. (2014, octobre). La recherche collégiale et l’international. Panéliste à la table ronde de S. Piché. 10e congrès de la Fédération des cégeps, Montréal, Québec.</p>
