{"id":11556,"date":"2013-08-21T14:25:50","date_gmt":"2013-08-21T18:25:50","guid":{"rendered":"https:\/\/adaptech.org\/fr\/publications\/students-with-disabilities-what-the-research-tells-us\/"},"modified":"2013-08-21T14:25:50","modified_gmt":"2013-08-21T18:25:50","slug":"students-with-disabilities-what-the-research-tells-us","status":"publish","type":"publications","link":"https:\/\/adaptech.org\/fr\/publications\/students-with-disabilities-what-the-research-tells-us\/","title":{"rendered":"Students with disabilities: What the research tells us."},"content":{"rendered":"<p>Fichten, C. S. et Havel, A. (2013, juin). Students with disabilities: What the research tells us. Conf\u00e9rence de l&#8217;Association des services aux \u00e9tudiants des universit\u00e9s et coll\u00e8ges du Canada (ASEUCC) &#8211; 2013, Montr\u00e9al, Qu\u00e9bec.<\/p>\n","protected":false},"excerpt":{"rendered":"<p>Fichten, C. S. et Havel, A. (2013, juin). Students with disabilities: What the research tells us. Conf\u00e9rence de l&#8217;Association des services aux \u00e9tudiants des universit\u00e9s et coll\u00e8ges du Canada (ASEUCC) &#8211; 2013, Montr\u00e9al, Qu\u00e9bec.<\/p>\n","protected":false},"author":1,"featured_media":0,"template":"","publication-author":[14,8],"publication-category":[203],"publication-year":[23],"class_list":["post-11556","publications","type-publications","status-publish","hentry","publication-author-a-havel","publication-author-c-s-fichten","publication-category-refereed-conference-presentations","publication-year-23"],"_links":{"self":[{"href":"https:\/\/adaptech.org\/fr\/wp-json\/wp\/v2\/our_publications\/11556","targetHints":{"allow":["GET"]}}],"collection":[{"href":"https:\/\/adaptech.org\/fr\/wp-json\/wp\/v2\/our_publications"}],"about":[{"href":"https:\/\/adaptech.org\/fr\/wp-json\/wp\/v2\/types\/publications"}],"author":[{"embeddable":true,"href":"https:\/\/adaptech.org\/fr\/wp-json\/wp\/v2\/users\/1"}],"wp:attachment":[{"href":"https:\/\/adaptech.org\/fr\/wp-json\/wp\/v2\/media?parent=11556"}],"wp:term":[{"taxonomy":"publication-author","embeddable":true,"href":"https:\/\/adaptech.org\/fr\/wp-json\/wp\/v2\/publication-author?post=11556"},{"taxonomy":"publication-category","embeddable":true,"href":"https:\/\/adaptech.org\/fr\/wp-json\/wp\/v2\/publication-category?post=11556"},{"taxonomy":"publication-year","embeddable":true,"href":"https:\/\/adaptech.org\/fr\/wp-json\/wp\/v2\/publication-year?post=11556"}],"curies":[{"name":"wp","href":"https:\/\/api.w.org\/{rel}","templated":true}]}}

<p>Fichten, C. S. et Havel, A. (2013, juin). Students with disabilities: What the research tells us. Conférence de l&#8217;Association des services aux étudiants des universités et collèges du Canada (ASEUCC) &#8211; 2013, Montréal, Québec.</p>
