{"id":11492,"date":"2013-07-22T15:23:23","date_gmt":"2013-07-22T19:23:23","guid":{"rendered":"https:\/\/adaptech.org\/fr\/publications\/information-and-communication-technologies-for-postsecondary-students-with-learning-disabilities-canadian-and-israeli-perspectives\/"},"modified":"2013-07-22T15:23:23","modified_gmt":"2013-07-22T19:23:23","slug":"information-and-communication-technologies-for-postsecondary-students-with-learning-disabilities-canadian-and-israeli-perspectives","status":"publish","type":"publications","link":"https:\/\/adaptech.org\/fr\/publications\/information-and-communication-technologies-for-postsecondary-students-with-learning-disabilities-canadian-and-israeli-perspectives\/","title":{"rendered":"Information and communication technologies for postsecondary students with learning disabilities: Canadian and Israeli perspectives"},"content":{"rendered":"<p>\u00c9quipe canadienne : Fichten, C. S., King, L., Nguyen, M. N., Barile, M., Havel, A., Chauvin, A., Budd, J., Mimouni, Z., Raymond, O. et Juhel, J.-C., \u00e9quipe israelienne : Heiman, T. et Adato-Biran, I. (2013, mai). Information and communication technologies for postsecondary students with learning disabilities: Canadian and Israeli perspectives. Pr\u00e9sentation \u00e0 la 14e Jerusalem Conference in Canadian Studies: Canada and Israel in a Changing World: New Trends and Directions, J\u00e9rusalem, Isra\u00ebl.<\/p>\n","protected":false},"excerpt":{"rendered":"<p>\u00c9quipe canadienne : Fichten, C. S., King, L., Nguyen, M. N., Barile, M., Havel, A., Chauvin, A., Budd, J., Mimouni, Z., Raymond, O. et Juhel, J.-C., \u00e9quipe israelienne : Heiman, T. et Adato-Biran, I. (2013, mai). Information and communication technologies for postsecondary students with learning disabilities: Canadian and Israeli perspectives. Pr\u00e9sentation \u00e0 la 14e Jerusalem [&hellip;]<\/p>\n","protected":false},"author":1,"featured_media":0,"template":"","publication-author":[13,14,8,100,16,17,18,10,19,20,81,21],"publication-category":[203],"publication-year":[23],"class_list":["post-11492","publications","type-publications","status-publish","hentry","publication-author-a-chauvin","publication-author-a-havel","publication-author-c-s-fichten","publication-author-i-adato-biran","publication-author-j-budd","publication-author-j-c-juhel","publication-author-l-king","publication-author-m-barile","publication-author-m-n-nguyen","publication-author-o-raymond","publication-author-t-heiman","publication-author-z-mimouni","publication-category-refereed-conference-presentations","publication-year-23"],"_links":{"self":[{"href":"https:\/\/adaptech.org\/fr\/wp-json\/wp\/v2\/our_publications\/11492","targetHints":{"allow":["GET"]}}],"collection":[{"href":"https:\/\/adaptech.org\/fr\/wp-json\/wp\/v2\/our_publications"}],"about":[{"href":"https:\/\/adaptech.org\/fr\/wp-json\/wp\/v2\/types\/publications"}],"author":[{"embeddable":true,"href":"https:\/\/adaptech.org\/fr\/wp-json\/wp\/v2\/users\/1"}],"wp:attachment":[{"href":"https:\/\/adaptech.org\/fr\/wp-json\/wp\/v2\/media?parent=11492"}],"wp:term":[{"taxonomy":"publication-author","embeddable":true,"href":"https:\/\/adaptech.org\/fr\/wp-json\/wp\/v2\/publication-author?post=11492"},{"taxonomy":"publication-category","embeddable":true,"href":"https:\/\/adaptech.org\/fr\/wp-json\/wp\/v2\/publication-category?post=11492"},{"taxonomy":"publication-year","embeddable":true,"href":"https:\/\/adaptech.org\/fr\/wp-json\/wp\/v2\/publication-year?post=11492"}],"curies":[{"name":"wp","href":"https:\/\/api.w.org\/{rel}","templated":true}]}}

<p>Équipe canadienne : Fichten, C. S., King, L., Nguyen, M. N., Barile, M., Havel, A., Chauvin, A., Budd, J., Mimouni, Z., Raymond, O. et Juhel, J.-C., équipe israelienne : Heiman, T. et Adato-Biran, I. (2013, mai). Information and communication technologies for postsecondary students with learning disabilities: Canadian and Israeli perspectives. Présentation à la 14e Jerusalem Conference in Canadian Studies: Canada and Israel in a Changing World: New Trends and Directions, Jérusalem, Israël.</p>

<p>Équipe canadienne : Fichten, C. S., King, L., Nguyen, M. N., Barile, M., Havel, A., Chauvin, A., Budd, J., Mimouni, Z., Raymond, O. et Juhel, J.-C., équipe israelienne : Heiman, T. et Adato-Biran, I. (2013, mai). Information and communication technologies for postsecondary students with learning disabilities: Canadian and Israeli perspectives. Présentation à la 14e Jerusalem [&hellip;]</p>
