{"id":11381,"date":"2013-07-22T15:23:15","date_gmt":"2013-07-22T19:23:15","guid":{"rendered":"https:\/\/adaptech.org\/fr\/publications\/la-personne-ayant-une-deficience-intellectuelle-decouvrir-comprendre-intervenir\/"},"modified":"2013-07-22T15:23:15","modified_gmt":"2013-07-22T19:23:15","slug":"la-personne-ayant-une-deficience-intellectuelle-decouvrir-comprendre-intervenir","status":"publish","type":"publications","link":"https:\/\/adaptech.org\/fr\/publications\/la-personne-ayant-une-deficience-intellectuelle-decouvrir-comprendre-intervenir\/","title":{"rendered":"La personne ayant une d\u00e9ficience intellectuelle : D\u00e9couvrir, comprendre, intervenir."},"content":{"rendered":"<p>Juhel, J.-C. (2012). La personne ayant une d\u00e9ficience intellectuelle : D\u00e9couvrir, comprendre, intervenir. Laval : Les Presses de l&#8217;Universit\u00e9 Laval.<\/p>\n","protected":false},"excerpt":{"rendered":"<p>Juhel, J.-C. (2012). La personne ayant une d\u00e9ficience intellectuelle : D\u00e9couvrir, comprendre, intervenir. Laval : Les Presses de l&#8217;Universit\u00e9 Laval.<\/p>\n","protected":false},"author":1,"featured_media":0,"template":"","publication-author":[17],"publication-category":[201],"publication-year":[246],"class_list":["post-11381","publications","type-publications","status-publish","hentry","publication-author-j-c-juhel","publication-category-book-chapters-and-booklets","publication-year-246"],"_links":{"self":[{"href":"https:\/\/adaptech.org\/fr\/wp-json\/wp\/v2\/our_publications\/11381","targetHints":{"allow":["GET"]}}],"collection":[{"href":"https:\/\/adaptech.org\/fr\/wp-json\/wp\/v2\/our_publications"}],"about":[{"href":"https:\/\/adaptech.org\/fr\/wp-json\/wp\/v2\/types\/publications"}],"author":[{"embeddable":true,"href":"https:\/\/adaptech.org\/fr\/wp-json\/wp\/v2\/users\/1"}],"wp:attachment":[{"href":"https:\/\/adaptech.org\/fr\/wp-json\/wp\/v2\/media?parent=11381"}],"wp:term":[{"taxonomy":"publication-author","embeddable":true,"href":"https:\/\/adaptech.org\/fr\/wp-json\/wp\/v2\/publication-author?post=11381"},{"taxonomy":"publication-category","embeddable":true,"href":"https:\/\/adaptech.org\/fr\/wp-json\/wp\/v2\/publication-category?post=11381"},{"taxonomy":"publication-year","embeddable":true,"href":"https:\/\/adaptech.org\/fr\/wp-json\/wp\/v2\/publication-year?post=11381"}],"curies":[{"name":"wp","href":"https:\/\/api.w.org\/{rel}","templated":true}]}}

La personne ayant une déficience intellectuelle : Découvrir, comprendre, intervenir.

<p>Juhel, J.-C. (2012). La personne ayant une déficience intellectuelle : Découvrir, comprendre, intervenir. Laval : Les Presses de l&#8217;Université Laval.</p>
