{"id":11363,"date":"2013-07-22T15:23:15","date_gmt":"2013-07-22T19:23:15","guid":{"rendered":"https:\/\/adaptech.org\/fr\/publications\/college-and-university-students-with-disabilities-speak-out-on-their-elearning-experiences\/"},"modified":"2013-07-22T15:23:15","modified_gmt":"2013-07-22T19:23:15","slug":"college-and-university-students-with-disabilities-speak-out-on-their-elearning-experiences","status":"publish","type":"publications","link":"https:\/\/adaptech.org\/fr\/publications\/college-and-university-students-with-disabilities-speak-out-on-their-elearning-experiences\/","title":{"rendered":"College and university students with disabilities speak out on their eLearning experiences."},"content":{"rendered":"<p>Asuncion, J. V., Fichten, C. S. et Wolforth, J. (2006). College and university students with disabilities speak out on their eLearning experiences. Actes de colloque de la conf\u00e9rence biennale de l&#8217;Association nationale des \u00e9tudiant(e)s handicap\u00e9s au niveau postsecondaire (NEADS).<\/p>\n","protected":false},"excerpt":{"rendered":"<p>Asuncion, J. V., Fichten, C. S. et Wolforth, J. (2006). College and university students with disabilities speak out on their eLearning experiences. Actes de colloque de la conf\u00e9rence biennale de l&#8217;Association nationale des \u00e9tudiant(e)s handicap\u00e9s au niveau postsecondaire (NEADS).<\/p>\n","protected":false},"author":1,"featured_media":0,"template":"","publication-author":[8,9,26],"publication-category":[200],"publication-year":[241],"class_list":["post-11363","publications","type-publications","status-publish","hentry","publication-author-c-s-fichten","publication-author-j-v-asuncion","publication-author-j-wolforth","publication-category-peer-reviewed-proceedings-and-eric-documents","publication-year-241"],"_links":{"self":[{"href":"https:\/\/adaptech.org\/fr\/wp-json\/wp\/v2\/our_publications\/11363","targetHints":{"allow":["GET"]}}],"collection":[{"href":"https:\/\/adaptech.org\/fr\/wp-json\/wp\/v2\/our_publications"}],"about":[{"href":"https:\/\/adaptech.org\/fr\/wp-json\/wp\/v2\/types\/publications"}],"author":[{"embeddable":true,"href":"https:\/\/adaptech.org\/fr\/wp-json\/wp\/v2\/users\/1"}],"wp:attachment":[{"href":"https:\/\/adaptech.org\/fr\/wp-json\/wp\/v2\/media?parent=11363"}],"wp:term":[{"taxonomy":"publication-author","embeddable":true,"href":"https:\/\/adaptech.org\/fr\/wp-json\/wp\/v2\/publication-author?post=11363"},{"taxonomy":"publication-category","embeddable":true,"href":"https:\/\/adaptech.org\/fr\/wp-json\/wp\/v2\/publication-category?post=11363"},{"taxonomy":"publication-year","embeddable":true,"href":"https:\/\/adaptech.org\/fr\/wp-json\/wp\/v2\/publication-year?post=11363"}],"curies":[{"name":"wp","href":"https:\/\/api.w.org\/{rel}","templated":true}]}}

<p>Asuncion, J. V., Fichten, C. S. et Wolforth, J. (2006). College and university students with disabilities speak out on their eLearning experiences. Actes de colloque de la conférence biennale de l&#8217;Association nationale des étudiant(e)s handicapés au niveau postsecondaire (NEADS).</p>
