{"id":11324,"date":"2013-07-22T15:23:12","date_gmt":"2013-07-22T19:23:12","guid":{"rendered":"https:\/\/adaptech.org\/fr\/publications\/les-eleves-satisfaits-de-leur-experience-collegiale-sont-ils-plus-enclins-a-perseverer-dans-leurs-etudes-liens-entre-la-satisfaction-les-notes-le-genre-et-la-presence-ou-non-dincapacite\/"},"modified":"2013-07-22T15:23:12","modified_gmt":"2013-07-22T19:23:12","slug":"les-eleves-satisfaits-de-leur-experience-collegiale-sont-ils-plus-enclins-a-perseverer-dans-leurs-etudes-liens-entre-la-satisfaction-les-notes-le-genre-et-la-presence-ou-non-dincapacite","status":"publish","type":"publications","link":"https:\/\/adaptech.org\/fr\/publications\/les-eleves-satisfaits-de-leur-experience-collegiale-sont-ils-plus-enclins-a-perseverer-dans-leurs-etudes-liens-entre-la-satisfaction-les-notes-le-genre-et-la-presence-ou-non-dincapacite\/","title":{"rendered":"Les \u00e9l\u00e8ves satisfaits de leur exp\u00e9rience coll\u00e9giale sont-ils plus enclins \u00e0 pers\u00e9v\u00e9rer dans leurs \u00e9tudes? Liens entre la satisfaction, les notes, le genre et la pr\u00e9sence ou non d&#8217;incapacit\u00e9."},"content":{"rendered":"<p>Jorgensen, S., Fichten, C. S. et Havel, A. (2012). Les \u00e9l\u00e8ves satisfaits de leur exp\u00e9rience coll\u00e9giale sont-ils plus enclins \u00e0 pers\u00e9v\u00e9rer dans leurs \u00e9tudes? Liens entre la satisfaction, les notes, le genre et la pr\u00e9sence ou non d&#8217;incapacit\u00e9. P\u00e9dagogie coll\u00e9giale, 25(4), 38-44.<\/p>\n","protected":false},"excerpt":{"rendered":"<p>Jorgensen, S., Fichten, C. S. et Havel, A. (2012). Les \u00e9l\u00e8ves satisfaits de leur exp\u00e9rience coll\u00e9giale sont-ils plus enclins \u00e0 pers\u00e9v\u00e9rer dans leurs \u00e9tudes? Liens entre la satisfaction, les notes, le genre et la pr\u00e9sence ou non d&#8217;incapacit\u00e9. P\u00e9dagogie coll\u00e9giale, 25(4), 38-44.<\/p>\n","protected":false},"author":1,"featured_media":0,"template":"","publication-author":[14,8,34],"publication-category":[199],"publication-year":[246],"class_list":["post-11324","publications","type-publications","status-publish","hentry","publication-author-a-havel","publication-author-c-s-fichten","publication-author-s-jorgensen","publication-category-peer-reviewed-journal-articles","publication-year-246"],"_links":{"self":[{"href":"https:\/\/adaptech.org\/fr\/wp-json\/wp\/v2\/our_publications\/11324","targetHints":{"allow":["GET"]}}],"collection":[{"href":"https:\/\/adaptech.org\/fr\/wp-json\/wp\/v2\/our_publications"}],"about":[{"href":"https:\/\/adaptech.org\/fr\/wp-json\/wp\/v2\/types\/publications"}],"author":[{"embeddable":true,"href":"https:\/\/adaptech.org\/fr\/wp-json\/wp\/v2\/users\/1"}],"wp:attachment":[{"href":"https:\/\/adaptech.org\/fr\/wp-json\/wp\/v2\/media?parent=11324"}],"wp:term":[{"taxonomy":"publication-author","embeddable":true,"href":"https:\/\/adaptech.org\/fr\/wp-json\/wp\/v2\/publication-author?post=11324"},{"taxonomy":"publication-category","embeddable":true,"href":"https:\/\/adaptech.org\/fr\/wp-json\/wp\/v2\/publication-category?post=11324"},{"taxonomy":"publication-year","embeddable":true,"href":"https:\/\/adaptech.org\/fr\/wp-json\/wp\/v2\/publication-year?post=11324"}],"curies":[{"name":"wp","href":"https:\/\/api.w.org\/{rel}","templated":true}]}}

Les élèves satisfaits de leur expérience collégiale sont-ils plus enclins à persévérer dans leurs études? Liens entre la satisfaction, les notes, le genre et la présence ou non d&#8217;incapacité.

<p>Jorgensen, S., Fichten, C. S. et Havel, A. (2012). Les élèves satisfaits de leur expérience collégiale sont-ils plus enclins à persévérer dans leurs études? Liens entre la satisfaction, les notes, le genre et la présence ou non d&#8217;incapacité. Pédagogie collégiale, 25(4), 38-44.</p>
