{"id":10381,"date":"2013-07-22T15:26:21","date_gmt":"2013-07-22T19:26:21","guid":{"rendered":"https:\/\/adaptech.org\/fr\/publications\/fichten-c-s-1996-1997-membre-du-comite-pour-la-conference-convention-annuelle-1997-de-lassociation-pour-la-recherche-au-collegial-arc\/"},"modified":"2013-07-22T15:26:21","modified_gmt":"2013-07-22T19:26:21","slug":"fichten-c-s-1996-1997-membre-du-comite-pour-la-conference-convention-annuelle-1997-de-lassociation-pour-la-recherche-au-collegial-arc","status":"publish","type":"publications","link":"https:\/\/adaptech.org\/fr\/publications\/fichten-c-s-1996-1997-membre-du-comite-pour-la-conference-convention-annuelle-1997-de-lassociation-pour-la-recherche-au-collegial-arc\/","title":{"rendered":"Fichten, C.S. (1996-1997). Membre du Comit\u00e9 pour la \n              Conf\u00e9rence : Convention annuelle 1997 de l&#8217;Association pour la \n              recherche au coll\u00e9gial (ARC)."},"content":{"rendered":"<p>Fichten, C.S. (1996-1997). Membre du Comit\u00e9 pour la<br \/>\n              Conf\u00e9rence : Convention annuelle 1997 de l&#8217;Association pour la<br \/>\n              recherche au coll\u00e9gial (ARC).<\/p>\n","protected":false},"excerpt":{"rendered":"<p>Fichten, C.S. (1996-1997). Membre du Comit\u00e9 pour la Conf\u00e9rence : Convention annuelle 1997 de l&#8217;Association pour la recherche au coll\u00e9gial (ARC).<\/p>\n","protected":false},"author":1,"featured_media":0,"template":"","publication-author":[8],"publication-category":[198],"publication-year":[233],"class_list":["post-10381","publications","type-publications","status-publish","hentry","publication-author-c-s-fichten","publication-category-appointments-recognition","publication-year-233"],"_links":{"self":[{"href":"https:\/\/adaptech.org\/fr\/wp-json\/wp\/v2\/our_publications\/10381","targetHints":{"allow":["GET"]}}],"collection":[{"href":"https:\/\/adaptech.org\/fr\/wp-json\/wp\/v2\/our_publications"}],"about":[{"href":"https:\/\/adaptech.org\/fr\/wp-json\/wp\/v2\/types\/publications"}],"author":[{"embeddable":true,"href":"https:\/\/adaptech.org\/fr\/wp-json\/wp\/v2\/users\/1"}],"wp:attachment":[{"href":"https:\/\/adaptech.org\/fr\/wp-json\/wp\/v2\/media?parent=10381"}],"wp:term":[{"taxonomy":"publication-author","embeddable":true,"href":"https:\/\/adaptech.org\/fr\/wp-json\/wp\/v2\/publication-author?post=10381"},{"taxonomy":"publication-category","embeddable":true,"href":"https:\/\/adaptech.org\/fr\/wp-json\/wp\/v2\/publication-category?post=10381"},{"taxonomy":"publication-year","embeddable":true,"href":"https:\/\/adaptech.org\/fr\/wp-json\/wp\/v2\/publication-year?post=10381"}],"curies":[{"name":"wp","href":"https:\/\/api.w.org\/{rel}","templated":true}]}}

Fichten, C.S. (1996-1997). Membre du Comité pour la 
              Conférence : Convention annuelle 1997 de l&#8217;Association pour la 
              recherche au collégial (ARC).

<p>Fichten, C.S. (1996-1997). Membre du Comité pour la<br />
              Conférence : Convention annuelle 1997 de l&#8217;Association pour la<br />
              recherche au collégial (ARC).</p>

<p>Fichten, C.S. (1996-1997). Membre du Comité pour la Conférence : Convention annuelle 1997 de l&#8217;Association pour la recherche au collégial (ARC).</p>
