{"id":10111,"date":"2013-07-22T15:26:12","date_gmt":"2013-07-22T19:26:12","guid":{"rendered":"https:\/\/adaptech.org\/fr\/publications\/fichten-c-s-barile-m-havel-a-wolforth-j-2006-mars-information-and-communication-technology-presentation-au-31e-congres-de-laqeta-association-quebecoise-des-troubles-dappre\/"},"modified":"2013-07-22T15:26:12","modified_gmt":"2013-07-22T19:26:12","slug":"fichten-c-s-barile-m-havel-a-wolforth-j-2006-mars-information-and-communication-technology-presentation-au-31e-congres-de-laqeta-association-quebecoise-des-troubles-dappre","status":"publish","type":"publications","link":"https:\/\/adaptech.org\/fr\/publications\/fichten-c-s-barile-m-havel-a-wolforth-j-2006-mars-information-and-communication-technology-presentation-au-31e-congres-de-laqeta-association-quebecoise-des-troubles-dappre\/","title":{"rendered":"Fichten, C.S., Barile, M., Havel, A., &#038; Wolforth, J. (2006, mars). \n\t\t\t\t\t\tInformation and communication technology. Pr\u00e9sentation au 31e Congr\u00e8s de l&#8217;AQETA \t(Association qu\u00e9b\u00e9coise des troubles d&#8217;apprentissage), Montr\u00e9al, Qu\u00e9bec."},"content":{"rendered":"<p>Fichten, C.S., Barile, M., Havel, A., &#038; Wolforth, J. (2006, mars).<br \/>\n\t\t\t\t\t\tInformation and communication technology. Pr\u00e9sentation au 31e Congr\u00e8s de l&#8217;AQETA \t(Association qu\u00e9b\u00e9coise des troubles d&#8217;apprentissage), Montr\u00e9al, Qu\u00e9bec.<\/p>\n","protected":false},"excerpt":{"rendered":"<p>Fichten, C.S., Barile, M., Havel, A., &#038; Wolforth, J. (2006, mars). Information and communication technology. Pr\u00e9sentation au 31e Congr\u00e8s de l&#8217;AQETA (Association qu\u00e9b\u00e9coise des troubles d&#8217;apprentissage), Montr\u00e9al, Qu\u00e9bec.<\/p>\n","protected":false},"author":1,"featured_media":0,"template":"","publication-author":[14,8,26,10],"publication-category":[204],"publication-year":[241],"class_list":["post-10111","publications","type-publications","status-publish","hentry","publication-author-a-havel","publication-author-c-s-fichten","publication-author-j-wolforth","publication-author-m-barile","publication-category-talks-interviews-presentations-and-invited-addresses","publication-year-241"],"_links":{"self":[{"href":"https:\/\/adaptech.org\/fr\/wp-json\/wp\/v2\/our_publications\/10111","targetHints":{"allow":["GET"]}}],"collection":[{"href":"https:\/\/adaptech.org\/fr\/wp-json\/wp\/v2\/our_publications"}],"about":[{"href":"https:\/\/adaptech.org\/fr\/wp-json\/wp\/v2\/types\/publications"}],"author":[{"embeddable":true,"href":"https:\/\/adaptech.org\/fr\/wp-json\/wp\/v2\/users\/1"}],"wp:attachment":[{"href":"https:\/\/adaptech.org\/fr\/wp-json\/wp\/v2\/media?parent=10111"}],"wp:term":[{"taxonomy":"publication-author","embeddable":true,"href":"https:\/\/adaptech.org\/fr\/wp-json\/wp\/v2\/publication-author?post=10111"},{"taxonomy":"publication-category","embeddable":true,"href":"https:\/\/adaptech.org\/fr\/wp-json\/wp\/v2\/publication-category?post=10111"},{"taxonomy":"publication-year","embeddable":true,"href":"https:\/\/adaptech.org\/fr\/wp-json\/wp\/v2\/publication-year?post=10111"}],"curies":[{"name":"wp","href":"https:\/\/api.w.org\/{rel}","templated":true}]}}

Fichten, C.S., Barile, M., Havel, A., &#038; Wolforth, J. (2006, mars). 
						Information and communication technology. Présentation au 31e Congrès de l&#8217;AQETA 	(Association québécoise des troubles d&#8217;apprentissage), Montréal, Québec.

<p>Fichten, C.S., Barile, M., Havel, A., &#038; Wolforth, J. (2006, mars).<br />
						Information and communication technology. Présentation au 31e Congrès de l&#8217;AQETA 	(Association québécoise des troubles d&#8217;apprentissage), Montréal, Québec.</p>

<p>Fichten, C.S., Barile, M., Havel, A., &#038; Wolforth, J. (2006, mars). Information and communication technology. Présentation au 31e Congrès de l&#8217;AQETA (Association québécoise des troubles d&#8217;apprentissage), Montréal, Québec.</p>
