{"id":10080,"date":"2013-07-22T15:26:11","date_gmt":"2013-07-22T19:26:11","guid":{"rendered":"https:\/\/adaptech.org\/fr\/publications\/barile-m-guay-g-munoz-gonzalez-y-2009-revision-des-outils-de-prestation-de-services-dans-les-etablissements-denseignement-postsecondaire-reframing-the-tools-for-service-provisi\/"},"modified":"2020-02-21T15:10:49","modified_gmt":"2020-02-21T20:10:49","slug":"barile-m-guay-g-munoz-gonzalez-y-2009-revision-des-outils-de-prestation-de-services-dans-les-etablissements-denseignement-postsecondaire-reframing-the-tools-for-service-provisi","status":"publish","type":"publications","link":"https:\/\/adaptech.org\/fr\/publications\/barile-m-guay-g-munoz-gonzalez-y-2009-revision-des-outils-de-prestation-de-services-dans-les-etablissements-denseignement-postsecondaire-reframing-the-tools-for-service-provisi\/","title":{"rendered":"R\u00e9vision des outils de prestation de services dans les \u00e9tablissements d&#8217;enseignement postsecondaire \/ Reframing the tools for service provision in postsecondary education."},"content":{"rendered":"<p>Barile, M., Guay, G., &amp; Mu\u00f1oz-Gonz\u00e1lez, Y. (2009). R\u00e9vision des outils de prestation de services dans les \u00e9tablissements d&#8217;enseignement postsecondaire \/ Reframing the tools for service provision in postsecondary education. Pr\u00e9sent\u00e9 au colloque de l&#8217;Association qu\u00e9b\u00e9coise inter-universitaire des conseillers aux \u00e9tudiants ayant des besoins sp\u00e9ciaux (AQICEBS), Universit\u00e9 McGill, Montr\u00e9al, Qu\u00e9bec.<\/p>\n","protected":false},"excerpt":{"rendered":"<p>Barile, M., Guay, G., &amp; Mu\u00f1oz-Gonz\u00e1lez, Y. (2009). R\u00e9vision des outils de prestation de services dans les \u00e9tablissements d&#8217;enseignement postsecondaire \/ Reframing the tools for service provision in postsecondary education. Pr\u00e9sent\u00e9 au colloque de l&#8217;Association qu\u00e9b\u00e9coise inter-universitaire des conseillers aux \u00e9tudiants ayant des besoins sp\u00e9ciaux (AQICEBS), Universit\u00e9 McGill, Montr\u00e9al, Qu\u00e9bec.<\/p>\n","protected":false},"author":1,"featured_media":0,"template":"","publication-author":[314,10,317],"publication-category":[204],"publication-year":[31],"class_list":["post-10080","publications","type-publications","status-publish","hentry","publication-author-g-guay","publication-author-m-barile","publication-author-y-munoz-gonzalez","publication-category-talks-interviews-presentations-and-invited-addresses","publication-year-31"],"_links":{"self":[{"href":"https:\/\/adaptech.org\/fr\/wp-json\/wp\/v2\/our_publications\/10080","targetHints":{"allow":["GET"]}}],"collection":[{"href":"https:\/\/adaptech.org\/fr\/wp-json\/wp\/v2\/our_publications"}],"about":[{"href":"https:\/\/adaptech.org\/fr\/wp-json\/wp\/v2\/types\/publications"}],"author":[{"embeddable":true,"href":"https:\/\/adaptech.org\/fr\/wp-json\/wp\/v2\/users\/1"}],"wp:attachment":[{"href":"https:\/\/adaptech.org\/fr\/wp-json\/wp\/v2\/media?parent=10080"}],"wp:term":[{"taxonomy":"publication-author","embeddable":true,"href":"https:\/\/adaptech.org\/fr\/wp-json\/wp\/v2\/publication-author?post=10080"},{"taxonomy":"publication-category","embeddable":true,"href":"https:\/\/adaptech.org\/fr\/wp-json\/wp\/v2\/publication-category?post=10080"},{"taxonomy":"publication-year","embeddable":true,"href":"https:\/\/adaptech.org\/fr\/wp-json\/wp\/v2\/publication-year?post=10080"}],"curies":[{"name":"wp","href":"https:\/\/api.w.org\/{rel}","templated":true}]}}

Révision des outils de prestation de services dans les établissements d&#8217;enseignement postsecondaire / Reframing the tools for service provision in postsecondary education.

<p>Barile, M., Guay, G., &amp; Muñoz-González, Y. (2009). Révision des outils de prestation de services dans les établissements d&#8217;enseignement postsecondaire / Reframing the tools for service provision in postsecondary education. Présenté au colloque de l&#8217;Association québécoise inter-universitaire des conseillers aux étudiants ayant des besoins spéciaux (AQICEBS), Université McGill, Montréal, Québec.</p>
