{"id":10809,"date":"2016-06-07T12:07:40","date_gmt":"2016-06-07T16:07:40","guid":{"rendered":"https:\/\/adaptech.org\/fr\/built-in-feature\/retour-de-contact-affichage-de-ce-qui-a-ete-touche-a-lecran\/"},"modified":"2019-07-05T15:52:15","modified_gmt":"2019-07-05T19:52:15","slug":"retour-de-contact-affichage-de-ce-qui-a-ete-touche-a-lecran","status":"publish","type":"built-in-features","link":"https:\/\/adaptech.org\/fr\/fandi\/accessibilite-integrees\/retour-de-contact-affichage-de-ce-qui-a-ete-touche-a-lecran\/","title":{"rendered":"Retour de contact : Affichage de ce qui a \u00e9t\u00e9 touch\u00e9 \u00e0 l\u2019\u00e9cran"},"content":{"rendered":"<p>Cette option permet \u00e0 l\u2019utilisateur de voir ce qui a \u00e9t\u00e9 touch\u00e9 \u00e0 l\u2019\u00e9cran. Cette option n\u00e9cessite un ordinateur avec des capacit\u00e9s tactiles.<\/p>\n","protected":false},"featured_media":0,"template":"","operating-system":[207,209,398],"device":[],"class_list":["post-10809","built-in-features","type-built-in-features","status-publish","hentry","operating-system-windows","operating-system-windows-10","operating-system-windows-8-1"],"_links":{"self":[{"href":"https:\/\/adaptech.org\/fr\/wp-json\/wp\/v2\/our_built_in_feature\/10809","targetHints":{"allow":["GET"]}}],"collection":[{"href":"https:\/\/adaptech.org\/fr\/wp-json\/wp\/v2\/our_built_in_feature"}],"about":[{"href":"https:\/\/adaptech.org\/fr\/wp-json\/wp\/v2\/types\/built-in-features"}],"wp:attachment":[{"href":"https:\/\/adaptech.org\/fr\/wp-json\/wp\/v2\/media?parent=10809"}],"wp:term":[{"taxonomy":"operating-system","embeddable":true,"href":"https:\/\/adaptech.org\/fr\/wp-json\/wp\/v2\/operating-system?post=10809"},{"taxonomy":"device","embeddable":true,"href":"https:\/\/adaptech.org\/fr\/wp-json\/wp\/v2\/device?post=10809"}],"curies":[{"name":"wp","href":"https:\/\/api.w.org\/{rel}","templated":true}]}}

Retour de contact : Affichage de ce qui a été touché à l’écran

<p>Cette option permet à l’utilisateur de voir ce qui a été touché à l’écran. Cette option nécessite un ordinateur avec des capacités tactiles.</p>
