{"id":10748,"date":"2011-09-16T23:12:50","date_gmt":"2011-09-17T03:12:50","guid":{"rendered":"https:\/\/adaptech.org\/fr\/built-in-feature\/clavier-a-lecran-clavier-a-lecran\/"},"modified":"2019-07-05T12:40:47","modified_gmt":"2019-07-05T16:40:47","slug":"clavier-a-lecran","status":"publish","type":"built-in-features","link":"https:\/\/adaptech.org\/fr\/fandi\/accessibilite-integrees\/clavier-a-lecran\/","title":{"rendered":"Clavier \u00e0 l&#8217;\u00e9cran"},"content":{"rendered":"<p>Accompagn\u00e9 de la pr\u00e9diction de mots. Des options suppl\u00e9mentaires peuvent \u00eatre activ\u00e9es ou d\u00e9sactiv\u00e9es en allant dans les r\u00e9glages du clavier.<\/p>\n","protected":false},"featured_media":0,"template":"","operating-system":[2,400,399,407,208,406],"device":[],"class_list":["post-10748","built-in-features","type-built-in-features","status-publish","hentry","operating-system-ios","operating-system-ipad","operating-system-iphone","operating-system-ipod-touch-4th-gen","operating-system-mac-os","operating-system-mac-os-x"],"_links":{"self":[{"href":"https:\/\/adaptech.org\/fr\/wp-json\/wp\/v2\/our_built_in_feature\/10748","targetHints":{"allow":["GET"]}}],"collection":[{"href":"https:\/\/adaptech.org\/fr\/wp-json\/wp\/v2\/our_built_in_feature"}],"about":[{"href":"https:\/\/adaptech.org\/fr\/wp-json\/wp\/v2\/types\/built-in-features"}],"wp:attachment":[{"href":"https:\/\/adaptech.org\/fr\/wp-json\/wp\/v2\/media?parent=10748"}],"wp:term":[{"taxonomy":"operating-system","embeddable":true,"href":"https:\/\/adaptech.org\/fr\/wp-json\/wp\/v2\/operating-system?post=10748"},{"taxonomy":"device","embeddable":true,"href":"https:\/\/adaptech.org\/fr\/wp-json\/wp\/v2\/device?post=10748"}],"curies":[{"name":"wp","href":"https:\/\/api.w.org\/{rel}","templated":true}]}}

Clavier à l&#8217;écran

<p>Accompagné de la prédiction de mots. Des options supplémentaires peuvent être activées ou désactivées en allant dans les réglages du clavier.</p>
